{"id":20,"date":"2025-01-21T11:53:26","date_gmt":"2025-01-21T11:53:26","guid":{"rendered":"https:\/\/creddi.uniecampus.it\/?page_id=20"},"modified":"2025-02-10T16:20:11","modified_gmt":"2025-02-10T16:20:11","slug":"il-centro","status":"publish","type":"page","link":"https:\/\/creddi.uniecampus.it\/","title":{"rendered":"Il Centro"},"content":{"rendered":"\n<p><strong>Centro Ricerca Educazione Didattica Digitale Innovazione sociale (CREDDI)<\/strong><\/p>\n\n\n\n<p>Il Centro di Ricerca nasce dalla sinergia dei docenti di ambito pedagogico dell\u2019Universit\u00e0 eCampus.<\/p>\n\n\n\n<p>Si propone di promuovere e coordinare attivit\u00e0 di ricerca e di formazione nei seguenti ambiti della pedagogia e della didattica, con riferimento ai contesti formali, non formali e informali:<\/p>\n\n\n\n<ul class=\"wp-block-list\">\n<li>Tecnologie didattiche;<\/li>\n\n\n\n<li>Didattica generale e Didattiche disciplinari;<\/li>\n\n\n\n<li>Qualificazione e innovazione dei processi di insegnamento-apprendimento; Inclusione e Bisogni educativi Speciali;<\/li>\n\n\n\n<li>Orientamento; Docimologia e valutazione;<\/li>\n\n\n\n<li>Organizzazione e management delle istituzioni scolastiche; Formazione continua ed educazione degli adulti; Educazione interculturale;<\/li>\n\n\n\n<li>Ricerche nei contesti 0\/6 (in generale su diversi tempi) e nello specifico indagini sulle attivit\u00e0 specifiche messe in campo nei servizi 0\/6 e sull\u2019impatto di questi progetti in termini di inclusione per le famiglie straniere.<\/li>\n\n\n\n<li>Pedagogia delle scienze della salute; Media Education;<\/li>\n\n\n\n<li>Welfare digitale e tecnologie di comunit\u00e0; Potenziamento cognitivo ed emotivo;<\/li>\n\n\n\n<li>Faculty Development e sviluppo professionale nell\u2019ambito dell\u2019educazione superiore; Open Education;<\/li>\n\n\n\n<li>Corpo e apprendimento; Storia dei processi formativi;<\/li>\n\n\n\n<li>Storia della scuola e della didattica.<\/li>\n<\/ul>\n\n\n\n<p>L\u2019attivit\u00e0 di ricerca promossa dal Centro \u00e8 orientata al miglioramento costante della qualit\u00e0 della formazione erogata.<\/p>\n\n\n\n<p><em>Sede<\/em><\/p>\n\n\n\n<p>La sede del Centro \u00e8 presso l\u2019Universit\u00e0 Ecampus a Novedrate (CO).<\/p>\n\n\n\n<p><em>Dotazione<\/em><\/p>\n\n\n\n<p>Il Centro potr\u00e0 contare sulla dotazione di personale accademico e amministrativo dell\u2019ateneo.<\/p>\n","protected":false},"excerpt":{"rendered":"<p>Centro Ricerca Educazione Didattica Digitale Innovazione sociale (CREDDI) Il Centro di Ricerca nasce dalla sinergia dei docenti di ambito pedagogico dell\u2019Universit\u00e0 eCampus. Si propone di promuovere e coordinare attivit\u00e0 di ricerca e di formazione nei seguenti ambiti della pedagogia e della didattica, con riferimento ai contesti formali, non formali e informali: L\u2019attivit\u00e0 di ricerca promossa &hellip; <a href=\"https:\/\/creddi.uniecampus.it\/\" class=\"more-link\">Continue reading <span class=\"screen-reader-text\">Il Centro<\/span> <span class=\"meta-nav\">&rarr;<\/span><\/a><\/p>\n","protected":false},"author":1,"featured_media":0,"parent":0,"menu_order":0,"comment_status":"closed","ping_status":"closed","template":"","meta":{"footnotes":""},"class_list":["post-20","page","type-page","status-publish","hentry"],"_links":{"self":[{"href":"https:\/\/creddi.uniecampus.it\/index.php\/wp-json\/wp\/v2\/pages\/20","targetHints":{"allow":["GET"]}}],"collection":[{"href":"https:\/\/creddi.uniecampus.it\/index.php\/wp-json\/wp\/v2\/pages"}],"about":[{"href":"https:\/\/creddi.uniecampus.it\/index.php\/wp-json\/wp\/v2\/types\/page"}],"author":[{"embeddable":true,"href":"https:\/\/creddi.uniecampus.it\/index.php\/wp-json\/wp\/v2\/users\/1"}],"replies":[{"embeddable":true,"href":"https:\/\/creddi.uniecampus.it\/index.php\/wp-json\/wp\/v2\/comments?post=20"}],"version-history":[{"count":4,"href":"https:\/\/creddi.uniecampus.it\/index.php\/wp-json\/wp\/v2\/pages\/20\/revisions"}],"predecessor-version":[{"id":92,"href":"https:\/\/creddi.uniecampus.it\/index.php\/wp-json\/wp\/v2\/pages\/20\/revisions\/92"}],"wp:attachment":[{"href":"https:\/\/creddi.uniecampus.it\/index.php\/wp-json\/wp\/v2\/media?parent=20"}],"curies":[{"name":"wp","href":"https:\/\/api.w.org\/{rel}","templated":true}]}}