{"id":70,"date":"2025-01-21T16:27:28","date_gmt":"2025-01-21T16:27:28","guid":{"rendered":"https:\/\/creddi.uniecampus.it\/?page_id=70"},"modified":"2025-02-10T16:22:37","modified_gmt":"2025-02-10T16:22:37","slug":"progetti","status":"publish","type":"page","link":"https:\/\/creddi.uniecampus.it\/index.php\/progetti\/","title":{"rendered":"Progetti"},"content":{"rendered":"\n<p>Progetti ed attivit\u00e0 di ricerca in essere<\/p>\n\n\n\n<p><em>Attivit\u00e0 di ricerca gi\u00e0 in essere<\/em><\/p>\n\n\n\n<p>Al CREDDI fanno capo alcune attivit\u00e0 di ricerca e di supporto all\u2019ateneo gi\u00e0 in essere e curate dagli stessi proponenti il centro:<\/p>\n\n\n\n<ul class=\"wp-block-list\">\n<li>Progetto PRIN ACHONE, sulla valutazione online nell\u2019educazione superiore.<\/li>\n\n\n\n<li>Progetto PLAYFIELD, sulla didattica e attivit\u00e0 motoria nella scuola in ospedale.<\/li>\n\n\n\n<li>Attivit\u00e0 di progettazione, analisi e monitoraggio per Ecampus Accademy per docenti, tutor e personale amministrativo dell\u2019Universit\u00e0 Ecampus.<\/li>\n\n\n\n<li>Attivit\u00e0 di progettazione, analisi e monitoraggio a supporto del Centro Multidisciplinare di Formazione per gli Insegnanti (CEMFI) dell\u2019Universit\u00e0 Ecampus.<\/li>\n<\/ul>\n","protected":false},"excerpt":{"rendered":"<p>Progetti ed attivit\u00e0 di ricerca in essere Attivit\u00e0 di ricerca gi\u00e0 in essere Al CREDDI fanno capo alcune attivit\u00e0 di ricerca e di supporto all\u2019ateneo gi\u00e0 in essere e curate dagli stessi proponenti il centro:<\/p>\n","protected":false},"author":1,"featured_media":0,"parent":0,"menu_order":0,"comment_status":"closed","ping_status":"closed","template":"","meta":{"footnotes":""},"class_list":["post-70","page","type-page","status-publish","hentry"],"_links":{"self":[{"href":"https:\/\/creddi.uniecampus.it\/index.php\/wp-json\/wp\/v2\/pages\/70","targetHints":{"allow":["GET"]}}],"collection":[{"href":"https:\/\/creddi.uniecampus.it\/index.php\/wp-json\/wp\/v2\/pages"}],"about":[{"href":"https:\/\/creddi.uniecampus.it\/index.php\/wp-json\/wp\/v2\/types\/page"}],"author":[{"embeddable":true,"href":"https:\/\/creddi.uniecampus.it\/index.php\/wp-json\/wp\/v2\/users\/1"}],"replies":[{"embeddable":true,"href":"https:\/\/creddi.uniecampus.it\/index.php\/wp-json\/wp\/v2\/comments?post=70"}],"version-history":[{"count":3,"href":"https:\/\/creddi.uniecampus.it\/index.php\/wp-json\/wp\/v2\/pages\/70\/revisions"}],"predecessor-version":[{"id":234,"href":"https:\/\/creddi.uniecampus.it\/index.php\/wp-json\/wp\/v2\/pages\/70\/revisions\/234"}],"wp:attachment":[{"href":"https:\/\/creddi.uniecampus.it\/index.php\/wp-json\/wp\/v2\/media?parent=70"}],"curies":[{"name":"wp","href":"https:\/\/api.w.org\/{rel}","templated":true}]}}